j + 1. Let q(m) = s*d(m) - 3*v(m). Give q(2).
14
Let p be ((-4)/(-10))/(1/5). Let x(w) = w + 3*w - 2 - w**p - 4. Let g be (-1015)/29*2/(-14). What is x(g)?
-11
Let s = -44 - -654. Let d(b) = -6 - 605*b + s*b - b**2 + 0*b**2. What is d(5)?
-6
Let r(q) be the third derivative of 0*q - 3*q**2 + 1/120*q**6 + 2/3*q**3 - 1/30*q**5 - 3 + 1/24*q**4. Give r(3).
16
Suppose 2*s + 3*w - 13 = -0*w, 3*s - 3*w = -3. Let c(b) = 3 - 9 - 7*b - 4*b + s*b + 9. What is c(1)?
-6
Let b(z) = -z**2 - 4*z + 3. Suppose 0 = 5*v + 4*a - 278, 0 = -v + 4*a + 74 - 4. Suppose -v + 40 = 3*d. Calculate b(d).
-9
Let m(n) = n - 2. Let c be m(4). Let q(a) = 23*a**2 - 8*a - 1. Let s(y) = -86*y**2 + 30*y + 4. Let l(r) = 11*q(r) + 3*s(r). What is l(c)?
-15
Let u = 3 + -1. Let l(f) = -17*f**2 + 2*f - 4. Let a(p) = 3*p**2 - p + 1. Let y(k) = -6*a(k) - l(k). What is y(u)?
2
Suppose -6 = -2*j + 3*u, j - 4*u - 228 = -215. Let z(w) be the third derivative of w**6/120 + w**5/20 - w**4/8 - w**2. Give z(j).
9
Let v(t) = t**3 + 29*t**2 - 41*t - 310. Let f be v(-30). Let s(d) = -d + 31. What is s(f)?
11
Let q(t) = -7*t - 2. Let y(d) = 2*d**3 + 33*d**2 + 38*d + 353. Let x be y(-16). Give q(x).
-9
Let y(p) = -201*p**3 + 7*p**2 + 3*p - 3. Let x(n) = 241*n**3 - 6*n**2 - 4*n. Let u(z) = -5*x(z) - 6*y(z). Determine u(11).
-81
Let v(b) = -17*b - 2. Let q be v(-1). Suppose -2*j - j = -q. Let i(x) = -x**2 + 2*x + 10. Let u be i(j). Let k(d) = -d**3 - 3*d**2 + 6*d - 7. Calculate k(u).
13
Let u be (2/4)/((-2)/12). Let q(m) = -4*m**3 + 8*m**2 + 127*m + 5. Let s(k) = 3*k**3 - 7*k**2 - 102*k - 4. Let b(x) = 4*q(x) + 5*s(x). Calculate b(u).
6
Let j(y) = y. Suppose -3*f = -q + 188 - 168, -4*f = -5*q + 45. Determine j(f).
-5
Let q(d) = d**2 + 6*d + 2. Let n be 916/(-114) + 260/7410. Give q(n).
18
Let n be 1*-4*12/96*(-14)/7. Let h(z) = 17*z - 5. Let t(p) = 16*p - 4. Let a(w) = 3*h(w) - 4*t(w). Determine a(n).
-12
Let z(t) be the first derivative of 0*t**2 - 60 + 1/4*t**4 + 8/3*t**3 - 3*t. Let y(m) = m**2 - m - 8. Let x be y(0). Give z(x).
-3
Let n(y) be the second derivative of 1/40*y**5 + 0*y**4 + 0*y**2 + 13*y + 0 - 7/3*y**3. Let k(c) be the second derivative of n(c). What is k(-6)?
-18
Let d(k) = -4*k**2 + 48*k + 56. Let w be d(13). Let y(m) = -m + w*m**2 + 2 + 3*m + 12*m - 5*m**2. Give y(13).
15
Let d(w) = -9*w**2 + 9*w. Let b(i) = 30*i + 269. Let r be b(-9). Let o(z) = -z**2 + z + 1. Let q(m) = r*d(m) + 6*o(m). What is q(4)?
42
Suppose 0 = 708*x - 695*x - 13. Let b(m) = 3*m**3 + 4*m**2 - 7*m + 4. What is b(x)?
4
Let i(g) be the third derivative of 1/12*g**4 + 0*g - 1/120*g**5 + 0 + 11*g**2 - 1/3*g**3. Let z(r) be the first derivative of i(r). Calculate z(0).
2
Let x(z) = -27*z + 17. Let m(w) = 8*w + 1. Let c(i) = 3*m(i) + x(i). Calculate c(-9).
47
Let v(k) = 7*k - 1 + 3 - 2. Suppose 8*t - 5 = 11. Give v(t).
14
Suppose -147*c + 61 = 12*c - 98. Let z(n) = -n**3 + 2*n**2 - 2*n. Give z(c).
-1
Let u(x) = -7*x**2 - 3*x - 7. Let c(m) = -27*m**2 - 11*m - 25. Let z(j) = 6*c(j) - 23*u(j). Let a(s) = s**3 + 5*s**2 + 5*s + 2. Let g be a(-3). Calculate z(g).
1
Let s(r) = -2 - 4*r**2 - 2*r + 16*r**2 - 16 + r**3 - 4*r**2. Let q(x) = 13*x**2 - 650*x - 8. Let d be q(50). Give s(d).
-2
Let x(w) be the third derivative of -w**4/12 + 4*w**3/3 + 1360*w**2. Suppose 7*u - 4*u - 12 = 0. Suppose -u*y = -9*y + 35. Calculate x(y).
-6
Let k(g) = -4091*g + 30 - g**2 + 4056*g - 26 + 74. What is k(-37)?
4
Let b(h) = 2*h**3 - 27*h**2 + 17*h - 7. Let v be b(13). Suppose v = -5*l - 5*t, -14*t + 28 = -4*l - 10*t. Let z(k) = k**2 + 7*k - 7. Give z(l).
1
Let o(w) = w**2 + 12*w + 7. Let i = 80 - 67. Suppose -2 = -b - i. Give o(b).
-4
Let u(h) be the third derivative of h**4/24 - 5*h**3/6 - 1231*h**2. What is u(1)?
-4
Suppose 4*a = -8*a - 7*a. Let q(u) be the third derivative of 0*u + 22*u**2 - 7/6*u**3 + a - 1/3*u**4 - 1/60*u**5. What is q(-6)?
5
Let m(s) be the first derivative of -s**2/2 + 5*s + 15. Let p(d) = -43*d - 784. Let a be p(-18). Calculate m(a).
15
Let q(g) = -g + 2 + 5 + 2. Suppose 5*y - 10*y + 60 = 0. What is q(y)?
-3
Let v(y) = y**3 + 9*y**2 + 10*y - 2. Let r(g) = -54*g - 223. Let p be r(-4). Give v(p).
26
Suppose 133 = d - 3*p, 5*p = -2*d + 8*p + 275. Let r = 143 - d. Let a = r + -2. Let w(o) = -o. Give w(a).
1
Let o(f) be the third derivative of -5/6*f**3 - 1/12*f**4 + 0 + 0*f - 130*f**2. What is o(-4)?
3
Suppose -32*p = -33*p + 4*g - 23, p + 2*g - 7 = 0. Let r = 2 - -1. Let f(j) = -4*j**r - 1 - 5*j**2 + 4 + 3*j**3 + j**2. What is f(p)?
-6
Let v(p) = p**3 + 34*p**2 - 658*p - 4 - 10*p**2 + 174 - 10 + 688*p. Calculate v(-23).
-1
Suppose 0 = -2*c + 3*p - 2, -5*p + 2 + 2 = -3*c. Let v(z) = c*z**2 - 28 + 29 - 2*z + 46*z**3 - 58*z**3. Calculate v(1).
-11
Let t = -587 + 599. Suppose 4*s = 2*z + t, 5*z - 3*s = -10 - 6. Let p(k) = 6*k**2 + k - 2. Calculate p(z).
20
Suppose 23*q + 27 = 14*q. Let r(n) = 0 + 4 + n + 2 - 3. Let p(h) = 2*h + 2. Let m(l) = q*r(l) + 2*p(l). Give m(6).
1
Let n(h) = h**3 - 16*h**2 + 5*h - 2. Let o(k) = k**3 - 17*k**2 + 6*k - 2. Let x(t) = -7*n(t) + 6*o(t). Suppose 0*u = -4*u + 40. Calculate x(u).
12
Let w = 1 - 2. Suppose 0*c - 41 = -k - 5*c, 2*c - 146 = -4*k. Let i(v) = 1 + 32*v + 0 - k*v. What is i(w)?
5
Let d(v) = -v**3 + 3*v**2 + 4*v + 2. Let n(r) = -2*r**2 - 7*r + 3. Let s = -30 - -26. Let q be n(s). Let u be d(q). Let t(b) = -2*b**2 + 2*b - 1. Give t(u).
-5
Let x(v) = 418*v - 26 - 1262*v - v**2 + 420*v + 415*v. Give x(-8).
-18
Let a = -16 + 16. Suppose 3*u = -3 - a. Let m(s) = 3*s + s - 216 + 217. Give m(u).
-3
Let q(p) = -6*p - 855865 + 427929 + 427936. Let n be (5 + 2/(-1))*-1. What is q(n)?
18
Let b(g) = -2*g**3 + 19*g**2 - 14*g + 2. Let m = -9535 + 9543. Determine b(m).
82
Let i(d) = 2 - 9 - 2*d - 8*d. Let h(o) = 62*o - 14. Let u(c) = -15*c + 3. Let r(s) = -4*h(s) - 17*u(s). Let p(n) = 5*i(n) + 7*r(n). Calculate p(-5).
5
Suppose 124 - 34 = -3*s. Let w = s - -26. Let h(z) = z**3 + 3*z**2 - 3*z - 6. Determine h(w).
-10
Suppose -15*d + 6 = -12*d. Suppose d = t - 1. Let c(b) = -8 + 7*b - 14*b - 1 - b**t - 7*b**2. What is c(-6)?
-3
Let z(l) be the first derivative of -2*l**3/3 + 2*l**2 - 2*l + 239. Let p(n) = -5*n**2 + 0*n**2 + 0*n**2 + 3 - 4*n - n**3. Let m be p(-4). Determine z(m).
-8
Let r(h) = -5*h**2 - 3*h - 26. Let g(f) = 115*f + 11840. Let w be g(-103). Give r(w).
-136
Let q(y) = 185*y - 38*y - 33*y - 39*y - 72*y + 2. Give q(-2).
-4
Let v(p) = -p**2 + 17*p - 12. Let z be (-10 + (1 - -16))*(-26)/(-14). Determine v(z).
40
Suppose 1152 - 264 = -222*r. Let s(q) = 1 + 2 + 2*q**2 + 2*q - 8. Calculate s(r).
19
Suppose 0 = 3*y + p - 199, 0*p - 61 = -y + p. Let c = -63 + y. Suppose -5*l + 0*x = -c*x - 34, -x = -l + 8. Let u(z) = -z**2 + 4*z + 1. Determine u(l).
-11
Let u(k) = 4*k**3 - k - 1. Let f be (2/3)/(36/54). Suppose -4*r = 5*c - 0 + 5, 4*r = c + f. Give u(c).
-4
Let a(c) = -14*c**2 + 99*c - 12. Let u be a(7). Let j(w) = w**2 - 6 + 7*w + 10*w - 14*w. Determine j(u).
4
Let r(z) = 8*z**3 - 77*z**2 - 27*z - 37. Let w be r(10). Let s(c) = 19*c - 4. What is s(w)?
-137
Let v(m) = 10*m - 2. Let p be v(2). Let n = 42 - 65. Let o = p + n. Let y(j) = j**2 + 8*j + 7. Determine y(o).
-8
Let m(h) = -h**3 - 12*h**2 - 30*h + 22. Let p be m(-8). Let j(x) = -x**3 + 4*x**2 + 15*x - 14. Determine j(p).
4
Let h be 11/4 + -2 + (57 - (-5859)/(-84)). Let v(p) = 6*p**3 - 3*p**3 - 2*p**3 + 14*p + 13*p**2 + 22. Calculate v(h).
-2
Let l(f) = 4*f - 14. Let b(d) = 4*d - 10. Let j(x) = 5*b(x) - 6*l(x). Let y be (-237)/(-24) - ((-1)/8 + 0). Determine j(y).
-6
Let c(t) = 12*t + 61. Let s(l) = 73*l + 1236. Let k be s(-17). Calculate c(k).
1
Let p(o) = o**3 - 9*o**2 + 17*o + 16. Let c(y) = 8*y**2 - 32*y + 7. Let x be c(0). What is p(x)?
37
Let u = -47995/33 - -16002/11. Let q(z) be the first derivative of -33 - z**2 + u*z**3 + z. Determine q(1).
0
Let p(j) = -11609 - 2*j**3 + 11603 + j**3 - j. What is p(-2)?
4
Let j(x) = -2*x - 1. Let l(k) = -k**3 + k + 2. Let b be l(0). Suppose 3*o = b*p - 173, -56 = 2*o - p + 59. Let s = o - -60. Calculate j(s).
-7
Let o be 118/12 + (-11)/(-330)*5. Let g(v) = 28. Let y(f) = f - 55. Let x(q) = 5*g(q) + 3*y(q). Let a be x(o). Let h(r) = r**2 - 6*r - 6. What is h(a)?
-11
Let i(d) = -2*d + 1. Let h(b) = b**2 - 17*b + 7. Let t(q) = h(q) - 3*i(q). Let g be ((-10)/10)/(2/(-24)). Suppose a + 2 - g = 0. 